5023830037 a prime number?
False
Is 31124261053 a prime number?
True
Is 2484978437 prime?
True
Is 131890544009 a composite number?
True
Is 4829011219 composite?
False
Is 63230059189 composite?
True
Is 403933207 prime?
False
Is 202469173 a prime number?
False
Is 151796875499 prime?
True
Is 26989192871 a prime number?
False
Is 283983982 prime?
False
Is 3071757737 a prime number?
True
Is 21801700273 composite?
False
Is 199606993 a composite number?
True
Is 55086316477 a composite number?
False
Is 6688593287 a prime number?
False
Is 20232014953 composite?
False
Is 8296339855 composite?
True
Is 2669566679 composite?
True
Is 162612288551 a prime number?
True
Is 1592453197 a composite number?
True
Is 473716937 a composite number?
False
Is 2005506829 composite?
True
Is 3985615013 composite?
True
Is 1218193541 a prime number?
True
Is 31118272231 prime?
False
Is 429448035427 a composite number?
True
Is 1554493319 a prime number?
True
Is 3670500881 a prime number?
True
Is 3840127663 a prime number?
True
Is 358789181 a composite number?
False
Is 10406009083 prime?
True
Is 281628401 a prime number?
True
Is 593419007 composite?
True
Is 418160851 a composite number?
True
Is 168108281 a composite number?
True
Is 2160017269 composite?
False
Is 1429104603 composite?
True
Is 57859293347 composite?
False
Is 7000082357 prime?
True
Is 2871462283 a prime number?
True
Is 26134956719 a composite number?
True
Is 43395750419 prime?
False
Is 936435793 composite?
True
Is 86106433 a composite number?
True
Is 5657164699 composite?
False
Is 16256847991 composite?
True
Is 14514101465 composite?
True
Is 135784388737 composite?
False
Is 425862833 a prime number?
False
Is 2892272771 a composite number?
False
Is 759719459 composite?
True
Is 1567295963 a prime number?
False
Is 15158504539 prime?
True
Is 757923653 a prime number?
False
Is 486513737 a prime number?
True
Is 992032987787 composite?
False
Is 12384043381 a composite number?
True
Is 297110551 a composite number?
True
Is 5151911021 a prime number?
False
Is 22700163243 a prime number?
False
Is 1082244217 prime?
True
Is 167371714511 a prime number?
True
Is 2100956303 a prime number?
False
Is 127405529 prime?
False
Is 2235371321 prime?
True
Is 35339762737 prime?
False
Is 14792009279 a composite number?
True
Is 495868313 prime?
False
Is 1853838803 composite?
True
Is 531098201 prime?
True
Is 9608017227 a composite number?
True
Is 2693687351 a composite number?
False
Is 83764830583 a prime number?
False
Is 8725185611 prime?
True
Is 3163678939 a prime number?
False
Is 33744194117 composite?
False
Is 18385010801 composite?
True
Is 4546009657 a composite number?
True
Is 12843558001 a composite number?
True
Is 49155645551 a composite number?
True
Is 19090003099 a composite number?
True
Is 1561849295 composite?
True
Is 2038402231 a composite number?
False
Is 1008595801 a prime number?
False
Is 3456740267 a composite number?
False
Is 87629223239 a composite number?
True
Is 111136847 a prime number?
False
Is 1705615343 prime?
False
Is 8161187989 a prime number?
True
Is 1069568986 a composite number?
True
Is 103290099053 a composite number?
True
Is 10196677679 a composite number?
True
Is 60309051287 a prime number?
True
Is 757277387 a prime number?
True
Is 3381760079 a composite number?
False
Is 190746475571 composite?
True
Is 98563623629 a prime number?
True
Is 4979394241 a prime number?
False
Is 28372221173 prime?
False
Is 99854227229 a prime number?
True
Is 1044011999 a prime number?
False
Is 20300311615 prime?
False
Is 323953579 a composite number?
False
Is 34436825341 a prime number?
True
Is 875152151 a prime number?
False
Is 642001313 a prime number?
False
Is 6807713993 prime?
True
Is 52328743 composite?
False
Is 907239667 prime?
False
Is 2449411189 a composite number?
False
Is 49877819 prime?
True
Is 2472178451 a composite number?
False
Is 8079225494 a prime number?
False
Is 269240351 prime?
True
Is 34484803043 a prime number?
True
Is 2665103043 a composite number?
True
Is 1088946217 composite?
False
Is 25379012157 a composite number?
True
Is 1460274418 a prime number?
False
Is 3452079139 composite?
False
Is 282543626193 a prime number?
False
Is 801490981 a composite number?
True
Is 441091073 composite?
True
Is 16937508431 composite?
False
Is 2511466751 prime?
True
Is 3046183277 composite?
True
Is 8167556977 composite?
False
Is 47979904957 composite?
True
Is 22779547321 prime?
True
Is 9253695427 prime?
True
Is 204795491597 composite?
False
Is 1923930737 composite?
False
Is 699995203 composite?
False
Is 322602857 a prime number?
True
Is 27057244411 composite?
True
Is 231275687 a composite number?
True
Is 4294958345 prime?
False
Is 4697622389 prime?
False
Is 62538791853 a prime number?
False
Is 154536913 a composite number?
True
Is 29433850795 a composite number?
True
Is 2043730277 a prime number?
True
Is 49084407337 prime?
False
Is 47054139511 prime?
False
Is 21867019703 a prime number?
False
Is 794791079 composite?
False
Is 13907037911 prime?
False
Is 38220331 a composite number?
False
Is 5595515729 prime?
True
Is 464213143 composite?
False
Is 4840358713 a prime number?
False
Is 158469679 prime?
True
Is 267588643 prime?
False
Is 60778307119 prime?
True
Is 62396037707 composite?
False
Is 17401707767 a prime number?
False
Is 745744379 a prime number?
True
Is 5774485663 a composite number?
False
Is 399664607 composite?
True
Is 23738001827 a prime number?
True
Is 2734452319 composite?
True
Is 8756977759 composite?
False
Is 137364483 a prime number?
False
Is 519421457 a prime number?
True
Is 237585556873 prime?
False
Is 154433717 prime?
True
Is 470121397 composite?
False
Is 3077588111 composite?
True
Is 65394812361 composite?
True
Is 1425351073 prime?
False
Is 49134110737 composite?
False
Is 25081336613 composite?
False
Is 286046631181 a prime number?
True
Is 30877157 composite?
False
Is 13308817331 composite?
False
Is 6391373 prime?
True
Is 1787913298 prime?
False
Is 914805014 a prime number?
False
Is 77261775581 a composite number?
False
Is 3177152903 composite?
False
Is 241906534921 composite?
False
Is 134501407 a prime number?
True
Is 2020276871 composite?
False
Is 10539767935 prime?
False
Is 27502203089 a prime number?
True
Is 440117851 composite?
True
Is 5321718839 prime?
True
Is 23490224231 composite?
True
Is 1229358491 prime?
True
Is 343423009 composite?
False
Is 16827498787 composite?
True
Is 6296620877 a composite number?
False
Is 466846691 composite?
True
Is 31065127297 a prime number?
False
Is 897376591 composite?
True
Is 121072429733 prime?
True
Is 10427261227 a composite number?
True
Is 18537230939 a prime number?
False
Is 2254892741 a prime number?
True
Is 427408367 prime?
True
Is 3984244883 composite?
False
Is 239145119 a prime number?
True
Is 5170272269 a composite number?
True
Is 84868231999 composite?
True
Is 4815058453 a composite number?
True
Is 135032670007 a prime number?
True
Is 134888249291 composite?
False
Is 1099459577 a composite number?
False
Is 4977339109 prime?
True
Is 87889492111 a composite number?
True
Is 1738234909 a composite number?
False
Is 340435417 composite?
True
Is 39608927 a composite number?
False
Is 3147757061 a prime number?
False
Is 590529263 a prime number?
False
Is 155695015813 prime?
False
Is 366270299 composite?
False
Is 9092393669 a prime number?
False
Is 675374519 a composite number?
True
Is 356720107 a composite number?
False
Is 167650394897 a composite number?
True
Is 432789319 a composite number?
True
Is 9779397989 composite?
False
Is 4166785487 a prime number?
True
Is 866342731 a prime number?
True
Is 8107877119 a prime number?
True
Is 6270312479 a composite number?
False
Is 754153226 a composite number?
True
Is 1573240727 composite?
False
Is 40528168117 a composite number?
False
Is 3229833241 a composite number?
True
Is 517463227 composite?
False
Is 1714762667 a composite number?
False
Is 11508383 a prime number?
True
Is 80513534179 prime?
False
Is 3565066931 composite?
False
Is 69733945598 a prime number?
False
Is 348643013 a composite number?
True
Is 71996293 prime?
True
Is 40471595281 prime?
False
Is 35258403437 prime?
True
Is 818375177 prime?
True
Is 2117201311 prime?
True
Is 4083723647 composite?
True
Is 45762281 composite?
False
Is 570811361 composite?
False
Is 4439